{"id":121,"date":"2026-02-21T15:12:08","date_gmt":"2026-02-21T13:12:08","guid":{"rendered":"https:\/\/alisasoftware.fi\/?page_id=121"},"modified":"2026-03-02T18:05:24","modified_gmt":"2026-03-02T16:05:24","slug":"billing-contacts","status":"publish","type":"page","link":"https:\/\/alisasoftware.fi\/?page_id=121","title":{"rendered":"Billing Addresses"},"content":{"rendered":"\n<h2 class=\"wp-block-heading\">Billing Addresses<\/h2>\n\n\n\n<p>We kindly request that all invoices are sent to us <strong>primarily as e\u2011invoices<\/strong>. If e\u2011invoicing is not possible, invoices may be sent to our <strong>scanning service addresses<\/strong> listed below.<\/p>\n\n\n\n<p>Please note that <strong>we do not process invoices sent to any of our visiting addresses<\/strong> or to any email address <strong>other than the official scanning service email<\/strong>.<\/p>\n\n\n\n<div style=\"height:100px\" aria-hidden=\"true\" class=\"wp-block-spacer\"><\/div>\n\n\n\n<div class=\"wp-block-group has-global-padding is-layout-constrained wp-block-group-is-layout-constrained\">\n<h2 class=\"wp-block-heading\"><strong>E\u2011Invoice Details (Preferred Method)<\/strong><\/h2>\n\n\n\n<p><strong>E\u2011invoice address:<\/strong> 003735395145<br><strong>Operator:<\/strong> Apix Messaging Oy (OID: 003723327487)<\/p>\n\n\n\n<p>Please note that if you are using any of the following operators to send e\u2011invoices \u2014 <strong>Danske Bank Oyj, Handelsbanken, Local Cooperative Banks (Paikallisosuuspankit), or Savings Banks (S\u00e4\u00e4st\u00f6pankit)<\/strong> \u2014 you must use the following Apix e\u2011invoice address instead:<\/p>\n\n\n\n<p>E\u2011invoice address: 003723327487 Operator ID: DABAFIHH<\/p>\n\n\n\n<hr class=\"wp-block-separator has-alpha-channel-opacity\"\/>\n<\/div>\n\n\n\n<div class=\"wp-block-group has-global-padding is-layout-constrained wp-block-group-is-layout-constrained\">\n<h2 class=\"wp-block-heading\">Email Invoice Scanning Address<\/h2>\n\n\n\n<p>nvoices sent by email must be attached as <strong>PDF files<\/strong>. Only <strong>one invoice per email<\/strong> is allowed. If the email contains additional attachments, they will be added as attachments to the same invoice. The maximum file size for attachments is <strong>2 MB<\/strong>.<\/p>\n\n\n\n<figure class=\"wp-block-image is-resized\"><img loading=\"lazy\" decoding=\"async\" width=\"766\" height=\"72\" src=\"https:\/\/alisasoftware.fi\/wp-content\/uploads\/2026\/02\/Alisa-Software-sahkopostilaskujen-skannausosoite.png\" alt=\"\" class=\"wp-image-103\" style=\"aspect-ratio:10.64;width:351px;height:auto\" srcset=\"https:\/\/alisasoftware.fi\/wp-content\/uploads\/2026\/02\/Alisa-Software-sahkopostilaskujen-skannausosoite.png 766w, https:\/\/alisasoftware.fi\/wp-content\/uploads\/2026\/02\/Alisa-Software-sahkopostilaskujen-skannausosoite-300x28.png 300w\" sizes=\"auto, (max-width: 766px) 100vw, 766px\" \/><\/figure>\n\n\n\n<p>After sending, you will receive either an <strong>acceptance<\/strong> or <strong>rejection<\/strong> notification from the service within <strong>15 minutes<\/strong> to the same email address used for sending.<\/p>\n\n\n\n<hr class=\"wp-block-separator has-alpha-channel-opacity\"\/>\n<\/div>\n\n\n\n<div class=\"wp-block-group has-global-padding is-layout-constrained wp-block-group-is-layout-constrained\">\n<h2 class=\"wp-block-heading\">Paper Invoice Scanning Service<\/h2>\n\n\n\n<p><em>(Invoices only \u2014 APIX Scanning Service)<\/em><\/p>\n\n\n\n<p><strong>ALISA SOFTWARE OY<\/strong><br>P.O. Box 16112<br>00021 LASKUTUS<br>Finland<\/p>\n\n\n\n<p>To ensure correct processing, this invoicing address must be printed <strong>both on the envelope and on the invoice itself<\/strong>. Please note that <strong>no other materials<\/strong> (such as announcements or marketing content) should be sent to this address. All non\u2011invoice mail should continue to be sent to our regular postal address.<\/p>\n\n\n\n<hr class=\"wp-block-separator has-alpha-channel-opacity\"\/>\n\n\n\n<div style=\"height:100px\" aria-hidden=\"true\" class=\"wp-block-spacer\"><\/div>\n<\/div>\n\n\n\n<h2 class=\"wp-block-heading\">Billing \u2014 Invoicing &amp; Contract Information<\/h2>\n\n\n\n<p>For invoicing, agreements, and payment\u2011related inquiries, please contact our finance team.<\/p>\n\n\n\n<p><strong>Email:<\/strong> <a href=\"https:\/\/alisasoftware.fi\/finance@alisasoftware.fi\" target=\"_blank\" rel=\"noreferrer noopener\">finance@alisasoftware.fi<\/a> (NOT for invoices)<\/p>\n\n\n\n<h2 class=\"wp-block-heading\">Company Information<\/h2>\n\n\n\n<p><strong>ALISA Software Ltd.<\/strong><br>Business ID: 3539514-5<br>Address: PL 172, 90101 OULU, Finland<br>General inquiries: <a href=\"https:\/\/alisasoftware.fi\/info@alisasoftware.fi\" target=\"_blank\" rel=\"noreferrer noopener\">info@alisasoftware.fi<\/a><br>Phone: +358 20 765 9999<br>Website: www.alisasoftware.fi<\/p>\n","protected":false},"excerpt":{"rendered":"<p>Billing Addresses We kindly request that all invoices are sent to us primarily as e\u2011invoices. If e\u2011invoicing is not possible, invoices may be sent to our scanning service addresses listed below. Please note that we do not process invoices sent to any of our visiting addresses or to any email address other than the official&hellip;<\/p>\n","protected":false},"author":1,"featured_media":0,"parent":0,"menu_order":0,"comment_status":"closed","ping_status":"closed","template":"","meta":{"_monsterinsights_skip_tracking":false,"_monsterinsights_sitenote_active":false,"_monsterinsights_sitenote_note":"","_monsterinsights_sitenote_category":0,"footnotes":""},"class_list":["post-121","page","type-page","status-publish","hentry"],"_links":{"self":[{"href":"https:\/\/alisasoftware.fi\/index.php?rest_route=\/wp\/v2\/pages\/121","targetHints":{"allow":["GET"]}}],"collection":[{"href":"https:\/\/alisasoftware.fi\/index.php?rest_route=\/wp\/v2\/pages"}],"about":[{"href":"https:\/\/alisasoftware.fi\/index.php?rest_route=\/wp\/v2\/types\/page"}],"author":[{"embeddable":true,"href":"https:\/\/alisasoftware.fi\/index.php?rest_route=\/wp\/v2\/users\/1"}],"replies":[{"embeddable":true,"href":"https:\/\/alisasoftware.fi\/index.php?rest_route=%2Fwp%2Fv2%2Fcomments&post=121"}],"version-history":[{"count":9,"href":"https:\/\/alisasoftware.fi\/index.php?rest_route=\/wp\/v2\/pages\/121\/revisions"}],"predecessor-version":[{"id":380,"href":"https:\/\/alisasoftware.fi\/index.php?rest_route=\/wp\/v2\/pages\/121\/revisions\/380"}],"wp:attachment":[{"href":"https:\/\/alisasoftware.fi\/index.php?rest_route=%2Fwp%2Fv2%2Fmedia&parent=121"}],"curies":[{"name":"wp","href":"https:\/\/api.w.org\/{rel}","templated":true}]}}